{"id":93,"date":"2017-08-28T19:25:52","date_gmt":"2017-08-28T19:25:52","guid":{"rendered":"http:\/\/www.portaldainclusao.org.br\/cms\/?page_id=93"},"modified":"2017-08-28T19:25:52","modified_gmt":"2017-08-28T19:25:52","slug":"como-funciona-a-lei-de-cotas-para-deficientes-em-empresas","status":"publish","type":"page","link":"https:\/\/www.portaldainclusao.org.br\/cms\/como-funciona-a-lei-de-cotas-para-deficientes-em-empresas\/","title":{"rendered":"Como funciona a Lei de Cotas para deficientes em empresas?"},"content":{"rendered":"<h2 id=\"noticia-olho\">Saiba o que \u00e9 a Lei que garante a contrata\u00e7\u00e3o de pessoas com defici\u00eancia, al\u00e9m das consequ\u00eancias do seu descumprimento<\/h2>\n<div id=\"noticia\" class=\"noticia\">\n<p class=\" \">\u00a0Se voc\u00ea j\u00e1 trabalhou em alguma empresa com mais de cem funcion\u00e1rios, com certeza encontrou algum colega com defici\u00eancia f\u00edsica ou intelectual. Se n\u00e3o, a companhia pode ter cometido infra\u00e7\u00e3o contra a Lei n\u00ba 8.213, de julho de 1991, tamb\u00e9m conhecida como Lei de Cotas, que obriga o preenchimento de 2% a 5% das vagas do quadro de funcion\u00e1rios com reabilitados ou com defici\u00eancia.<\/p>\n<p>Leia a mat\u00e9ria na \u00edntegra clicando <a href=\"http:\/\/economia.ig.com.br\/2016-03-20\/como-funciona-a-lei-de-cotas-para-deficientes-em-empresas.html\" target=\"_blank\" rel=\"noopener\">AQUI<\/a>!<\/p>\n<\/div>\n","protected":false},"excerpt":{"rendered":"<p>Saiba o que \u00e9 a Lei que garante a contrata\u00e7\u00e3o de pessoas com defici\u00eancia, al\u00e9m das consequ\u00eancias do seu descumprimento \u00a0Se voc\u00ea j\u00e1 trabalhou em alguma empresa com mais de cem funcion\u00e1rios, com certeza encontrou algum colega com defici\u00eancia f\u00edsica ou intelectual. Se n\u00e3o, a companhia pode ter cometido infra\u00e7\u00e3o contra a Lei n\u00ba 8.213, [&hellip;]<\/p>\n","protected":false},"author":1,"featured_media":0,"parent":0,"menu_order":0,"comment_status":"closed","ping_status":"closed","template":"","meta":{"_et_pb_use_builder":"","_et_pb_old_content":"","_et_gb_content_width":"","footnotes":""},"class_list":["post-93","page","type-page","status-publish","hentry"],"_links":{"self":[{"href":"https:\/\/www.portaldainclusao.org.br\/cms\/wp-json\/wp\/v2\/pages\/93","targetHints":{"allow":["GET"]}}],"collection":[{"href":"https:\/\/www.portaldainclusao.org.br\/cms\/wp-json\/wp\/v2\/pages"}],"about":[{"href":"https:\/\/www.portaldainclusao.org.br\/cms\/wp-json\/wp\/v2\/types\/page"}],"author":[{"embeddable":true,"href":"https:\/\/www.portaldainclusao.org.br\/cms\/wp-json\/wp\/v2\/users\/1"}],"replies":[{"embeddable":true,"href":"https:\/\/www.portaldainclusao.org.br\/cms\/wp-json\/wp\/v2\/comments?post=93"}],"version-history":[{"count":0,"href":"https:\/\/www.portaldainclusao.org.br\/cms\/wp-json\/wp\/v2\/pages\/93\/revisions"}],"wp:attachment":[{"href":"https:\/\/www.portaldainclusao.org.br\/cms\/wp-json\/wp\/v2\/media?parent=93"}],"curies":[{"name":"wp","href":"https:\/\/api.w.org\/{rel}","templated":true}]}}