{"id":8,"date":"2017-08-26T14:12:40","date_gmt":"2017-08-26T14:12:40","guid":{"rendered":"http:\/\/www.portaldainclusao.org.br\/cms\/?page_id=8"},"modified":"2018-08-06T18:35:35","modified_gmt":"2018-08-06T18:35:35","slug":"about","status":"publish","type":"page","link":"https:\/\/www.portaldainclusao.org.br\/cms\/about\/","title":{"rendered":"Responsabilidade Social da Sua Empresa"},"content":{"rendered":"<p><img loading=\"lazy\" decoding=\"async\" class=\"wp-image-306 size-large\" src=\"http:\/\/www.portaldainclusao.org.br\/cms\/wp-content\/uploads\/2017\/08\/iStock-498894652-1024x683.jpg\" alt=\"\" width=\"620\" height=\"414\" \/><\/p>\n<p><strong>Seja muito bem vindo \u00e0 Unidade de Responsabilidade Social &#8211; URS &#8211; do Instituto Natus.<\/strong><\/p>\n<p><strong>Contando com mais de 15 anos de experi\u00eancia em Inclus\u00e3o Social de nosso Consultor Associado Victor Hugo Salles, objetivamos aproximar a Pessoa com Defici\u00eancia do Empregador, atendendo assim \u00e0 Lei Federal de Cotas 8213\/91.<\/strong><\/p>\n<p><strong>&#8220;No decorrer dos anos, j\u00e1 entrevistamos milhares de Pessoas com Defici\u00eancia, passando portanto a conhecer suas necessidades e desta forma, podendo contribuir de forma verdadeira na sua recoloca\u00e7\u00e3o profissional.&#8221;<\/strong><\/p>\n<p><strong>Visamos contribuir com as empresas em seus programas de contrata\u00e7\u00f5es de Pessoas com Defici\u00eancias.<\/strong><\/p>\n<p><strong>Nossa miss\u00e3o \u00e9 contribuir para uma sociedade mais justa e inclusiva, tornando a diversidade n\u00e3o somente aceita, mas, acima de tudo, valorizada. Auxilia na promo\u00e7\u00e3o do respeito, aceita\u00e7\u00e3o, acolhimento, intera\u00e7\u00e3o e inclus\u00e3o.<\/strong><\/p>\n<p><strong>H\u00e1 mais de seis anos desenvolvemos parcerias com institui\u00e7\u00f5es do setor p\u00fablico e privado, visando \u00e0 inclus\u00e3o da pessoa com defici\u00eancia nos diversos meios sociais e contribu\u00edmos para que este processo e seus valores sejam cada vez mais incorporados \u00e0 cultura da organiza\u00e7\u00e3o e na consci\u00eancia dos cidad\u00e3os.<\/strong><\/p>\n<p><strong>Cada projeto \u00e9 \u00fanico, uma vez que cada institui\u00e7\u00e3o possui uma realidade distinta. Dessa forma, todo o planejamento estrat\u00e9gico \u00e9 pensado de acordo com as demandas apresentadas pela organiza\u00e7\u00e3o.<\/strong><\/p>\n<p>&nbsp;<\/p>\n<p>&nbsp;<\/p>\n","protected":false},"excerpt":{"rendered":"<p>Seja muito bem vindo \u00e0 Unidade de Responsabilidade Social &#8211; URS &#8211; do Instituto Natus. Contando com mais de 15 anos de experi\u00eancia em Inclus\u00e3o Social de nosso Consultor Associado Victor Hugo Salles, objetivamos aproximar a Pessoa com Defici\u00eancia do Empregador, atendendo assim \u00e0 Lei Federal de Cotas 8213\/91. &#8220;No decorrer dos anos, j\u00e1 entrevistamos [&hellip;]<\/p>\n","protected":false},"author":1,"featured_media":0,"parent":0,"menu_order":0,"comment_status":"closed","ping_status":"closed","template":"","meta":{"_et_pb_use_builder":"","_et_pb_old_content":"","_et_gb_content_width":"","footnotes":""},"class_list":["post-8","page","type-page","status-publish","hentry"],"_links":{"self":[{"href":"https:\/\/www.portaldainclusao.org.br\/cms\/wp-json\/wp\/v2\/pages\/8","targetHints":{"allow":["GET"]}}],"collection":[{"href":"https:\/\/www.portaldainclusao.org.br\/cms\/wp-json\/wp\/v2\/pages"}],"about":[{"href":"https:\/\/www.portaldainclusao.org.br\/cms\/wp-json\/wp\/v2\/types\/page"}],"author":[{"embeddable":true,"href":"https:\/\/www.portaldainclusao.org.br\/cms\/wp-json\/wp\/v2\/users\/1"}],"replies":[{"embeddable":true,"href":"https:\/\/www.portaldainclusao.org.br\/cms\/wp-json\/wp\/v2\/comments?post=8"}],"version-history":[{"count":0,"href":"https:\/\/www.portaldainclusao.org.br\/cms\/wp-json\/wp\/v2\/pages\/8\/revisions"}],"wp:attachment":[{"href":"https:\/\/www.portaldainclusao.org.br\/cms\/wp-json\/wp\/v2\/media?parent=8"}],"curies":[{"name":"wp","href":"https:\/\/api.w.org\/{rel}","templated":true}]}}

<p><img loading="lazy" decoding="async" class="wp-image-306 size-large" src="http://www.portaldainclusao.org.br/cms/wp-content/uploads/2017/08/iStock-498894652-1024x683.jpg" alt="" width="620" height="414" /></p>
<p><strong>Seja muito bem vindo à Unidade de Responsabilidade Social &#8211; URS &#8211; do Instituto Natus.</strong></p>
<p><strong>Contando com mais de 15 anos de experiência em Inclusão Social de nosso Consultor Associado Victor Hugo Salles, objetivamos aproximar a Pessoa com Deficiência do Empregador, atendendo assim à Lei Federal de Cotas 8213/91.</strong></p>
<p><strong>&#8220;No decorrer dos anos, já entrevistamos milhares de Pessoas com Deficiência, passando portanto a conhecer suas necessidades e desta forma, podendo contribuir de forma verdadeira na sua recolocação profissional.&#8221;</strong></p>
<p><strong>Visamos contribuir com as empresas em seus programas de contratações de Pessoas com Deficiências.</strong></p>
<p><strong>Nossa missão é contribuir para uma sociedade mais justa e inclusiva, tornando a diversidade não somente aceita, mas, acima de tudo, valorizada. Auxilia na promoção do respeito, aceitação, acolhimento, interação e inclusão.</strong></p>
<p><strong>Há mais de seis anos desenvolvemos parcerias com instituições do setor público e privado, visando à inclusão da pessoa com deficiência nos diversos meios sociais e contribuímos para que este processo e seus valores sejam cada vez mais incorporados à cultura da organização e na consciência dos cidadãos.</strong></p>
<p><strong>Cada projeto é único, uma vez que cada instituição possui uma realidade distinta. Dessa forma, todo o planejamento estratégico é pensado de acordo com as demandas apresentadas pela organização.</strong></p>
<p>&nbsp;</p>
<p>&nbsp;</p>

<p>Seja muito bem vindo à Unidade de Responsabilidade Social &#8211; URS &#8211; do Instituto Natus. Contando com mais de 15 anos de experiência em Inclusão Social de nosso Consultor Associado Victor Hugo Salles, objetivamos aproximar a Pessoa com Deficiência do Empregador, atendendo assim à Lei Federal de Cotas 8213/91. &#8220;No decorrer dos anos, já entrevistamos [&hellip;]</p>
