{"id":18404,"date":"2021-07-29T10:50:52","date_gmt":"2021-07-29T13:50:52","guid":{"rendered":"https:\/\/www.portaldainclusao.org.br\/cms\/?page_id=18404"},"modified":"2021-07-29T10:50:53","modified_gmt":"2021-07-29T13:50:53","slug":"vagas-abertas-nesse-momento","status":"publish","type":"page","link":"https:\/\/www.portaldainclusao.org.br\/cms\/vagas-abertas-nesse-momento\/","title":{"rendered":"Vagas Abertas Nesse Momento"},"content":{"rendered":"\n<p>Empresa MANSERV<\/p>\n\n\n\n<p>Vaga: Auxiliar Administrativo I ( PCD)<\/p>\n\n\n\n<ol class=\"wp-block-list\"><li>descri\u00e7\u00e3o :Atividades de RH como tratativa de ponto, admiss\u00f5es , controles de RH etc.<\/li><li>pr\u00e9-requisitos: Experiencia b\u00e1sica em RH e rotinas Administrativas.<\/li><li>local de trabalho : S\u00e3o Caetano do Sul<\/li><li>tipo de contrata\u00e7\u00e3o : Efetivo CLT<\/li><li>hor\u00e1rio de trabalho: Segunda a Sexta d\u00e1s 08:00 \u00e1s 17:48<\/li><li>sal\u00e1rio oferecido : R$ 1.668,90<\/li><li>escolaridade : Ensino m\u00e9dio completo<\/li><\/ol>\n\n\n\n<p>Recursos Humanos para envio de CV e Laudo M\u00e9dico: <a href=\"mailto:bruna.hora@manserv.com.br\" target=\"_blank\" rel=\"noreferrer noopener\">bruna.hora@manserv.com.br<\/a><\/p>\n\n\n\n<hr class=\"wp-block-separator\"\/>\n\n\n\n<p><\/p>\n\n\n\n<div class=\"wp-block-themeisle-blocks-advanced-columns has-undefined-columns has-desktop-undefined-layout has-tablet-equal-layout has-mobile-equal-layout has-default-gap has-vertical-unset\" id=\"wp-block-themeisle-blocks-advanced-columns-702d1604\"><div class=\"wp-block-themeisle-blocks-advanced-columns-overlay\"><\/div><div class=\"innerblocks-wrap\"><\/div><\/div>\n","protected":false},"excerpt":{"rendered":"<p>Empresa MANSERV Vaga: Auxiliar Administrativo I ( PCD) descri\u00e7\u00e3o :Atividades de RH como tratativa de ponto, admiss\u00f5es , controles de RH etc. pr\u00e9-requisitos: Experiencia b\u00e1sica em RH e rotinas Administrativas. local de trabalho : S\u00e3o Caetano do Sul tipo de contrata\u00e7\u00e3o : Efetivo CLT hor\u00e1rio de trabalho: Segunda a Sexta d\u00e1s 08:00 \u00e1s 17:48 sal\u00e1rio [&hellip;]<\/p>\n","protected":false},"author":3,"featured_media":0,"parent":0,"menu_order":0,"comment_status":"closed","ping_status":"closed","template":"","meta":{"_et_pb_use_builder":"","_et_pb_old_content":"","_et_gb_content_width":"","footnotes":""},"class_list":["post-18404","page","type-page","status-publish","hentry"],"_links":{"self":[{"href":"https:\/\/www.portaldainclusao.org.br\/cms\/wp-json\/wp\/v2\/pages\/18404","targetHints":{"allow":["GET"]}}],"collection":[{"href":"https:\/\/www.portaldainclusao.org.br\/cms\/wp-json\/wp\/v2\/pages"}],"about":[{"href":"https:\/\/www.portaldainclusao.org.br\/cms\/wp-json\/wp\/v2\/types\/page"}],"author":[{"embeddable":true,"href":"https:\/\/www.portaldainclusao.org.br\/cms\/wp-json\/wp\/v2\/users\/3"}],"replies":[{"embeddable":true,"href":"https:\/\/www.portaldainclusao.org.br\/cms\/wp-json\/wp\/v2\/comments?post=18404"}],"version-history":[{"count":0,"href":"https:\/\/www.portaldainclusao.org.br\/cms\/wp-json\/wp\/v2\/pages\/18404\/revisions"}],"wp:attachment":[{"href":"https:\/\/www.portaldainclusao.org.br\/cms\/wp-json\/wp\/v2\/media?parent=18404"}],"curies":[{"name":"wp","href":"https:\/\/api.w.org\/{rel}","templated":true}]}}