{"id":17172,"date":"2021-05-12T15:58:03","date_gmt":"2021-05-12T18:58:03","guid":{"rendered":"http:\/\/www.portaldainclusao.org.br\/cms\/?page_id=17172"},"modified":"2021-05-12T15:58:23","modified_gmt":"2021-05-12T18:58:23","slug":"politica-de-privacidade","status":"publish","type":"page","link":"https:\/\/www.portaldainclusao.org.br\/cms\/politica-de-privacidade\/","title":{"rendered":"Pol\u00edtica de Privacidade"},"content":{"rendered":"\n<p>Privacidade de Dados Pessoais<\/p>\n\n\n\n<p>Declaramos que o INSTITUTO NATUS &#8211; CNPJ: 15.483.645\/0001-08 \u2013 na qualidade de mantenedora do Site <a href=\"http:\/\/www.contrateumamae.com.br\">www.portaldainclusao.org.br<\/a> &#8211; e suas Aliadas Comerciais, atendem \u00e0 Lei Geral de Prote\u00e7\u00e3o de Dados Pessoais (LGPD &#8211; 13.709\/2018) que tem como objetivo garantir seguran\u00e7a no tratamento de dados pessoais. Todos os nossos Colaboradores, Fornecedores e Parceiros devem estabelecer procedimentos para assegurar que todos os servi\u00e7os\/produtos que envolvam dados pessoais, tenham o tratamento adequado conforme a LGPD.<\/p>\n\n\n\n<p>Nossos Colaboradores devem primar pela prote\u00e7\u00e3o dos direitos fundamentais de liberdade e de privacidade e o livre desenvolvimento da personalidade da pessoa natural, observando seguir os fundamentos adiante:<\/p>\n\n\n\n<ol class=\"wp-block-list\" type=\"1\"><li>o respeito \u00e0 privacidade;<\/li><li>a autodetermina\u00e7\u00e3o informativa;<\/li><li>a liberdade de express\u00e3o, de informa\u00e7\u00e3o, de comunica\u00e7\u00e3o e de opini\u00e3o;<\/li><li>a inviolabilidade da intimidade, da honra e da imagem;<\/li><li>o desenvolvimento econ\u00f4mico e tecnol\u00f3gico e a inova\u00e7\u00e3o;<\/li><li>a livre iniciativa, a livre concorr\u00eancia e a defesa do consumidor; e<\/li><li>os direitos humanos, o livre desenvolvimento da personalidade, a dignidade e o exerc\u00edcio da cidadania pelas pessoas naturais.<\/li><\/ol>\n\n\n\n<p>Nossa Empresa oferece garantia de privacidade de Dados Cadastrais pessoais de seus clientes, declarando que se utilizar\u00e1 dos dados exclusivamente na realiza\u00e7\u00e3o de neg\u00f3cios firmados entre as partes, permitindo-se apenas proceder o envio de informa\u00e7\u00f5es promocionais caso o Titular da informa\u00e7\u00e3o n\u00e3o pro\u00edba esse tipo de comunica\u00e7\u00e3o.&nbsp;<\/p>\n\n\n\n<p>Declara ainda Nossa Empresa:<\/p>\n\n\n\n<ol class=\"wp-block-list\" type=\"1\"><li>Que n\u00e3o ir\u00e1 compartilhar dados do Titular com empresas terceiras as quais n\u00e3o fa\u00e7am parte de seu Grupo Empresarial ou de sua base de Empresas Contratantes Cadastradas;<ol><li>Que vai ensejar esfor\u00e7os para manter a guarda segura das informa\u00e7\u00f5es cadastrais, tanto no \u00e2mbito da informa\u00e7\u00e3o escrita e documental, quanto no \u00e2mbito da informa\u00e7\u00e3o digital;<\/li><\/ol><ol><li>Que informa\u00e7\u00f5es sens\u00edveis do Titular ser\u00e3o utilizadas exclusivamente nas transa\u00e7\u00f5es comerciais pertinentes, sendo que em caso de compartilhamento ou tratamento de dados, as informa\u00e7\u00f5es sens\u00edveis ser\u00e3o, sempre que poss\u00edvel, protegidas por anonimiza\u00e7\u00e3o dos Dados Cadastrais, assim como por procedimentos de encripta\u00e7\u00e3o de dados (\u201cembaralhamento\u201d).<\/li><\/ol><\/li><\/ol>\n\n\n\n<p>Conforme preconiza a LGPD, Nossa Empresa ensejar\u00e1 esfor\u00e7os para atender aos seguintes princ\u00edpios: finalidade, adequa\u00e7\u00e3o, necessidade, livre acesso ao Titular, qualidade dos dados, transpar\u00eancia, seguran\u00e7a, preven\u00e7\u00e3o, de n\u00e3o discrimina\u00e7\u00e3o, bem como da responsabiliza\u00e7\u00e3o por uso indevido da informa\u00e7\u00e3o.<\/p>\n\n\n\n<p>Fica aqui registrado o hiperlink para acesso \u00e0 \u00edntegra da LGPD, provendo conhecimento por parte de Nossos Cientes, Colaboradores e Aliados Comerciais: <a href=\"http:\/\/www.planalto.gov.br\/ccivil_03\/_ato2015-2018\/2018\/lei\/L13709.htm\">http:\/\/www.planalto.gov.br\/ccivil_03\/_ato2015-2018\/2018\/lei\/L13709.htm<\/a><\/p>\n\n\n\n<div class=\"wp-block-themeisle-blocks-advanced-columns has-undefined-columns has-desktop-undefined-layout has-tablet-equal-layout has-mobile-equal-layout has-default-gap has-vertical-unset\" id=\"wp-block-themeisle-blocks-advanced-columns-d7360d0c\"><div class=\"wp-block-themeisle-blocks-advanced-columns-overlay\"><\/div><div class=\"innerblocks-wrap\"><\/div><\/div>\n","protected":false},"excerpt":{"rendered":"<p>Privacidade de Dados Pessoais Declaramos que o INSTITUTO NATUS &#8211; CNPJ: 15.483.645\/0001-08 \u2013 na qualidade de mantenedora do Site www.portaldainclusao.org.br &#8211; e suas Aliadas Comerciais, atendem \u00e0 Lei Geral de Prote\u00e7\u00e3o de Dados Pessoais (LGPD &#8211; 13.709\/2018) que tem como objetivo garantir seguran\u00e7a no tratamento de dados pessoais. Todos os nossos Colaboradores, Fornecedores e Parceiros [&hellip;]<\/p>\n","protected":false},"author":3,"featured_media":0,"parent":0,"menu_order":0,"comment_status":"closed","ping_status":"closed","template":"","meta":{"_et_pb_use_builder":"","_et_pb_old_content":"","_et_gb_content_width":"","footnotes":""},"class_list":["post-17172","page","type-page","status-publish","hentry"],"_links":{"self":[{"href":"https:\/\/www.portaldainclusao.org.br\/cms\/wp-json\/wp\/v2\/pages\/17172","targetHints":{"allow":["GET"]}}],"collection":[{"href":"https:\/\/www.portaldainclusao.org.br\/cms\/wp-json\/wp\/v2\/pages"}],"about":[{"href":"https:\/\/www.portaldainclusao.org.br\/cms\/wp-json\/wp\/v2\/types\/page"}],"author":[{"embeddable":true,"href":"https:\/\/www.portaldainclusao.org.br\/cms\/wp-json\/wp\/v2\/users\/3"}],"replies":[{"embeddable":true,"href":"https:\/\/www.portaldainclusao.org.br\/cms\/wp-json\/wp\/v2\/comments?post=17172"}],"version-history":[{"count":0,"href":"https:\/\/www.portaldainclusao.org.br\/cms\/wp-json\/wp\/v2\/pages\/17172\/revisions"}],"wp:attachment":[{"href":"https:\/\/www.portaldainclusao.org.br\/cms\/wp-json\/wp\/v2\/media?parent=17172"}],"curies":[{"name":"wp","href":"https:\/\/api.w.org\/{rel}","templated":true}]}}