{"id":141,"date":"2017-09-07T16:01:48","date_gmt":"2017-09-07T16:01:48","guid":{"rendered":"http:\/\/www.portaldainclusao.org.br\/cms\/?page_id=141"},"modified":"2017-09-07T16:01:48","modified_gmt":"2017-09-07T16:01:48","slug":"deficiencia-fisica","status":"publish","type":"page","link":"https:\/\/www.portaldainclusao.org.br\/cms\/tipos-de-deficiencias\/deficiencia-fisica\/","title":{"rendered":"DEFICI\u00caNCIA F\u00cdSICA"},"content":{"rendered":"<p><strong>A<\/strong>ltera\u00e7\u00e3o completa ou parcial de um ou mais segmentos do corpo humano, acarretando o comprometimento da fun\u00e7\u00e3o f\u00edsica:<\/p>\n<ul>\n<li>Tetraparesia<\/li>\n<li>Hemiplegia<\/li>\n<\/ul>\n<table width=\"100%\">\n<tbody>\n<tr>\n<td><strong><em>Estado de um individuo caracterizado por uma estrutura muito pequena, decorrente de uma defici\u00eancia do crescimento, provocada por insufici\u00eancia end\u00f3crina ou m\u00e1 alimenta\u00e7\u00e3o.<\/em><\/strong><\/td>\n<\/tr>\n<\/tbody>\n<\/table>\n<ul>\n<li>Hemiparesia<\/li>\n<li>Paralisia Cerebral<\/li>\n<li>Amputa\u00e7\u00e3o ou aus\u00eancia de membro<\/li>\n<li>Ostomia<\/li>\n<li>Nanismo<\/li>\n<li>Membros com deformidade cong\u00eanita ou adquirida, exceto as deformidades est\u00e9ticas e as que n\u00e3o produzam dificuldades para o desempenho de fun\u00e7\u00f5es.<\/li>\n<li><strong>Cegueira Monocular (apenas um olho)<\/strong>.<\/li>\n<\/ul>\n<p>&nbsp;<\/p>\n","protected":false},"excerpt":{"rendered":"<p>Altera\u00e7\u00e3o completa ou parcial de um ou mais segmentos do corpo humano, acarretando o comprometimento da fun\u00e7\u00e3o f\u00edsica: Tetraparesia Hemiplegia Estado de um individuo caracterizado por uma estrutura muito pequena, decorrente de uma defici\u00eancia do crescimento, provocada por insufici\u00eancia end\u00f3crina ou m\u00e1 alimenta\u00e7\u00e3o. Hemiparesia Paralisia Cerebral Amputa\u00e7\u00e3o ou aus\u00eancia de membro Ostomia Nanismo Membros com [&hellip;]<\/p>\n","protected":false},"author":1,"featured_media":0,"parent":139,"menu_order":0,"comment_status":"closed","ping_status":"closed","template":"","meta":{"_et_pb_use_builder":"","_et_pb_old_content":"","_et_gb_content_width":"","footnotes":""},"class_list":["post-141","page","type-page","status-publish","hentry"],"_links":{"self":[{"href":"https:\/\/www.portaldainclusao.org.br\/cms\/wp-json\/wp\/v2\/pages\/141","targetHints":{"allow":["GET"]}}],"collection":[{"href":"https:\/\/www.portaldainclusao.org.br\/cms\/wp-json\/wp\/v2\/pages"}],"about":[{"href":"https:\/\/www.portaldainclusao.org.br\/cms\/wp-json\/wp\/v2\/types\/page"}],"author":[{"embeddable":true,"href":"https:\/\/www.portaldainclusao.org.br\/cms\/wp-json\/wp\/v2\/users\/1"}],"replies":[{"embeddable":true,"href":"https:\/\/www.portaldainclusao.org.br\/cms\/wp-json\/wp\/v2\/comments?post=141"}],"version-history":[{"count":0,"href":"https:\/\/www.portaldainclusao.org.br\/cms\/wp-json\/wp\/v2\/pages\/141\/revisions"}],"up":[{"embeddable":true,"href":"https:\/\/www.portaldainclusao.org.br\/cms\/wp-json\/wp\/v2\/pages\/139"}],"wp:attachment":[{"href":"https:\/\/www.portaldainclusao.org.br\/cms\/wp-json\/wp\/v2\/media?parent=141"}],"curies":[{"name":"wp","href":"https:\/\/api.w.org\/{rel}","templated":true}]}}