{"id":139,"date":"2017-09-07T16:00:15","date_gmt":"2017-09-07T16:00:15","guid":{"rendered":"http:\/\/www.portaldainclusao.org.br\/cms\/?page_id=139"},"modified":"2017-09-07T16:00:52","modified_gmt":"2017-09-07T16:00:52","slug":"tipos-de-deficiencias","status":"publish","type":"page","link":"https:\/\/www.portaldainclusao.org.br\/cms\/tipos-de-deficiencias\/","title":{"rendered":"Tipos de Defici\u00eancias"},"content":{"rendered":"<h1><strong>Laudo M\u00e9dico<\/strong><\/h1>\n<p><strong>O M\u00c9DICO DO TRABALHO E A CLASSIFICA\u00c7\u00c3O INTERNACIONAL DE DOEN\u00c7AS \u2013 CID<\/strong><\/p>\n<p>Para que se cumpram as cotas de contrata\u00e7\u00e3o de colaboradores com defici\u00eancia, a legisla\u00e7\u00e3o especifica quem pode atestar e de que maneira as defici\u00eancias ser\u00e3o comprovadas. Compete ao Minist\u00e9rio do Trabalho e Emprego estabelecer a sistem\u00e1tica de fiscaliza\u00e7\u00e3o, a avalia\u00e7\u00e3o e o controle das empresas, assim como instituir os procedimentos e formul\u00e1rios necess\u00e1rios \u00e0 contrata\u00e7\u00e3o. Uma das determina\u00e7\u00f5es \u00e9 a necessidade do laudo m\u00e9dico, que pode ser emitido por m\u00e9dico do trabalho da empresa ou outro m\u00e9dico, que ateste a defici\u00eancia de acordo com as defini\u00e7\u00f5es do Decreto n\u00ba 3.298\/99 (artigos 3\u00ba e 4\u00ba) e com as altera\u00e7\u00f5es dadas pelo Decreto n\u00ba 5.296\/2004.<\/p>\n<p>O laudo dever\u00e1 especificar o tipo de defici\u00eancia, com o c\u00f3digo correspondente da Classifica\u00e7\u00e3o Internacional de Doen\u00e7as (CID), e ter autoriza\u00e7\u00e3o expressa do empregado para tornar p\u00fablica a sua condi\u00e7\u00e3o. O CID \u00e9 publicado pela Organiza\u00e7\u00e3o Mundial de Sa\u00fade (OMS) e fornece c\u00f3digos relativos \u00e0 classifica\u00e7\u00e3o de doen\u00e7as e de uma grande variedade de sinais, sintomas, aspectos anormais, queixas, circunst\u00e2ncias sociais e causas externas para ferimentos ou doen\u00e7as. A cada estado de sa\u00fade \u00e9 atribu\u00edda uma categoria \u00fanica, \u00e0 qual corresponde um c\u00f3digo, que cont\u00e9m at\u00e9 seis caracteres. O CID \u00e9 revista periodicamente e no momento est\u00e1 em vigor a sua d\u00e9cima edi\u00e7\u00e3o, a CID-10. Dependendo da defici\u00eancia, a avalia\u00e7\u00e3o dever\u00e1 ser feita por um especialista e os laudos devem ser recentes, emitidos a menos de um ano. Nos casos de pessoas com defici\u00eancia auditiva e visual \u00e9 necess\u00e1rio apresentar os exames de audiometria e oftalmol\u00f3gico, respectivamente. Quanto \u00e0 defici\u00eancia intelectual, \u00e9 aceito o laudo elaborado por um psic\u00f3logo.<\/p>\n<p>O laudo oftalmol\u00f3gico deve comprovar a acuidade visual, n\u00e3o s\u00e3o as doen\u00e7as do campo visual que atestam a defici\u00eancia, mas sim a somat\u00f3ria da perda visual nos dois olhos. Ainda assim, o m\u00e9dico deve levar em conta a acuidade com o uso da melhor corre\u00e7\u00e3o: \u00f3culos ou lentes de contato. Atestados para obten\u00e7\u00e3o de gratuidade em transporte p\u00fablico, como o Bilhete \u00danico Especial (Sptrans), exames m\u00e9dicos do DETRAN para obten\u00e7\u00e3o de Carteira Nacional de Habilita\u00e7\u00e3o ou per\u00edcias m\u00e9dicas judiciais n\u00e3o comprovam a defici\u00eancia para as cotas porque usam crit\u00e9rios diferentes. O laudo m\u00e9dico pode ser emitido por qualquer m\u00e9dico, empregado da empresa ou n\u00e3o, por\u00e9m em alguns casos \u00e9 necess\u00e1ria a avalia\u00e7\u00e3o de um especialista. Nem todas as defici\u00eancias enquadram-se na Lei de Cotas, portanto, os laudos devem estar muito bem explicados para que n\u00e3o haja problemas na admiss\u00e3o tampouco com o Minist\u00e9rio P\u00fablico do Trabalho e\/ou Minist\u00e9rio do Trabalho e Emprego.<\/p>\n<p>O laudo deve ser o mais atual poss\u00edvel. O laudo precisa fornecer, al\u00e9m do c\u00f3digo da CID, detalhes sobre as limita\u00e7\u00f5es funcionais da pessoa na pr\u00e1tica, ou seja, a defici\u00eancia e sua sequela. Por exemplo: se consta do laudo encurtamento no membro inferior direito, \u00e9 importante especificar quantos cent\u00edmetros, se utiliza pr\u00f3tese ou \u00f3rtese, muletas, cadeira de rodas, se apresenta \u201cdificuldade para ambular\u201d, \u201cdificuldade para subir escadas\u201d, \u201cimpossibilidade de ficarem em p\u00e9 por longos per\u00edodos\u201d, \u201cdist\u00farbios da marcha\u201d, etc. Outros exemplos de preenchimento incompleto e como devem ser detalhados os laudos para melhor caracteriza\u00e7\u00e3o da defici\u00eancia:<\/p>\n<p><strong>Amputa\u00e7\u00e3o do Membro Inferior Esquerdo (MIE)<\/strong> \u2013 n\u00e3o fica claro se \u00e9 no dedo, perna, p\u00e9. \u00c9 necess\u00e1rio descrever a partir de onde houve amputa\u00e7\u00e3o e, no caso de dedos, quais foram os atingidos. Al\u00e9m disso, descrever a sequela ocasionada: dificuldade em subir escadas, ficar muito tempo em p\u00e9, etc.<\/p>\n<p><strong>Amputa\u00e7\u00e3o no Membro Superior Direito (MSD)<\/strong> \u2013 a mesma quest\u00e3o: n\u00e3o fica claro se \u00e9 apenas um dedo, a m\u00e3o ou todo o bra\u00e7o. Especificar a altura da amputa\u00e7\u00e3o, assim como a sequela decorrente: dificuldade para escrever, dificuldade motora, falta de for\u00e7a na m\u00e3o, n\u00e3o consegue fazer o movimento de pin\u00e7a ou garra, etc.<\/p>\n<p><strong>Sequela de acidente automobil\u00edstico<\/strong> \u2013 \u00e9 necess\u00e1rio descrever os membros atingidos, se foi necess\u00e1rio colocar pr\u00f3tese, detalhar se ficou com dificuldade em algum movimento, por exemplo, se n\u00e3o consegue elevar o bra\u00e7o em mais de 25\u00ba.<\/p>\n<p><strong>Defici\u00eancia auditiva moderada<\/strong> \u2013 quando se trata de defici\u00eancia auditiva, sempre encaminhar uma audiometria atualizada. A audiometria deve apontar que a defici\u00eancia \u00e9 bilateral, parcial ou total, e sempre abaixo de 41 decib\u00e9is, conforme determina a lei.<\/p>\n<p><strong>Hemiparesia, sequela de AVC<\/strong> \u2013 caracteriza a paralisia parcial, mas n\u00e3o diz em qual lado ou membro. \u00c9 importante tamb\u00e9m ressaltar o n\u00edvel de dificuldade motora, as limita\u00e7\u00f5es, etc. Sequela de poliomielite \u2013 \u00e9 necess\u00e1rio oferecer o maior n\u00famero de detalhes \u2013 qual a sequela, membros atingidos e em qual propor\u00e7\u00e3o.<\/p>\n<p><strong>Fratura do f\u00eamur<\/strong> \u2013 necessita informar a sequela, se possui dificuldades de locomo\u00e7\u00e3o, se tem limita\u00e7\u00e3o nos movimentos e quais s\u00e3o.<\/p>\n<p><strong>Malforma\u00e7\u00e3o cong\u00eanita <\/strong>\u2013 completar com mais informa\u00e7\u00f5es: em qual membro, descrever a deformidade e quais as limita\u00e7\u00f5es ou dificuldades geradas.<\/p>\n<p><strong>Encurtamento na perna<\/strong> \u2013 informar em quantos cent\u00edmetros, porque \u00e9 necess\u00e1rio ser acima de 4,0 cm para enquadrar na cota. Dizer tamb\u00e9m se precisa de adapta\u00e7\u00f5es, se utiliza pr\u00f3tese ou muletas e as dificuldades decorrentes do encurtamento.<\/p>\n","protected":false},"excerpt":{"rendered":"<p>Laudo M\u00e9dico O M\u00c9DICO DO TRABALHO E A CLASSIFICA\u00c7\u00c3O INTERNACIONAL DE DOEN\u00c7AS \u2013 CID Para que se cumpram as cotas de contrata\u00e7\u00e3o de colaboradores com defici\u00eancia, a legisla\u00e7\u00e3o especifica quem pode atestar e de que maneira as defici\u00eancias ser\u00e3o comprovadas. Compete ao Minist\u00e9rio do Trabalho e Emprego estabelecer a sistem\u00e1tica de fiscaliza\u00e7\u00e3o, a avalia\u00e7\u00e3o e [&hellip;]<\/p>\n","protected":false},"author":1,"featured_media":0,"parent":0,"menu_order":0,"comment_status":"closed","ping_status":"closed","template":"","meta":{"_et_pb_use_builder":"","_et_pb_old_content":"","_et_gb_content_width":"","footnotes":""},"class_list":["post-139","page","type-page","status-publish","hentry"],"_links":{"self":[{"href":"https:\/\/www.portaldainclusao.org.br\/cms\/wp-json\/wp\/v2\/pages\/139","targetHints":{"allow":["GET"]}}],"collection":[{"href":"https:\/\/www.portaldainclusao.org.br\/cms\/wp-json\/wp\/v2\/pages"}],"about":[{"href":"https:\/\/www.portaldainclusao.org.br\/cms\/wp-json\/wp\/v2\/types\/page"}],"author":[{"embeddable":true,"href":"https:\/\/www.portaldainclusao.org.br\/cms\/wp-json\/wp\/v2\/users\/1"}],"replies":[{"embeddable":true,"href":"https:\/\/www.portaldainclusao.org.br\/cms\/wp-json\/wp\/v2\/comments?post=139"}],"version-history":[{"count":0,"href":"https:\/\/www.portaldainclusao.org.br\/cms\/wp-json\/wp\/v2\/pages\/139\/revisions"}],"wp:attachment":[{"href":"https:\/\/www.portaldainclusao.org.br\/cms\/wp-json\/wp\/v2\/media?parent=139"}],"curies":[{"name":"wp","href":"https:\/\/api.w.org\/{rel}","templated":true}]}}

Tipos de Deficiências

<h1><strong>Laudo Médico</strong></h1>
<p><strong>O MÉDICO DO TRABALHO E A CLASSIFICAÇÃO INTERNACIONAL DE DOENÇAS – CID</strong></p>
<p>Para que se cumpram as cotas de contratação de colaboradores com deficiência, a legislação especifica quem pode atestar e de que maneira as deficiências serão comprovadas. Compete ao Ministério do Trabalho e Emprego estabelecer a sistemática de fiscalização, a avaliação e o controle das empresas, assim como instituir os procedimentos e formulários necessários à contratação. Uma das determinações é a necessidade do laudo médico, que pode ser emitido por médico do trabalho da empresa ou outro médico, que ateste a deficiência de acordo com as definições do Decreto nº 3.298/99 (artigos 3º e 4º) e com as alterações dadas pelo Decreto nº 5.296/2004.</p>
<p>O laudo deverá especificar o tipo de deficiência, com o código correspondente da Classificação Internacional de Doenças (CID), e ter autorização expressa do empregado para tornar pública a sua condição. O CID é publicado pela Organização Mundial de Saúde (OMS) e fornece códigos relativos à classificação de doenças e de uma grande variedade de sinais, sintomas, aspectos anormais, queixas, circunstâncias sociais e causas externas para ferimentos ou doenças. A cada estado de saúde é atribuída uma categoria única, à qual corresponde um código, que contém até seis caracteres. O CID é revista periodicamente e no momento está em vigor a sua décima edição, a CID-10. Dependendo da deficiência, a avaliação deverá ser feita por um especialista e os laudos devem ser recentes, emitidos a menos de um ano. Nos casos de pessoas com deficiência auditiva e visual é necessário apresentar os exames de audiometria e oftalmológico, respectivamente. Quanto à deficiência intelectual, é aceito o laudo elaborado por um psicólogo.</p>
<p>O laudo oftalmológico deve comprovar a acuidade visual, não são as doenças do campo visual que atestam a deficiência, mas sim a somatória da perda visual nos dois olhos. Ainda assim, o médico deve levar em conta a acuidade com o uso da melhor correção: óculos ou lentes de contato. Atestados para obtenção de gratuidade em transporte público, como o Bilhete Único Especial (Sptrans), exames médicos do DETRAN para obtenção de Carteira Nacional de Habilitação ou perícias médicas judiciais não comprovam a deficiência para as cotas porque usam critérios diferentes. O laudo médico pode ser emitido por qualquer médico, empregado da empresa ou não, porém em alguns casos é necessária a avaliação de um especialista. Nem todas as deficiências enquadram-se na Lei de Cotas, portanto, os laudos devem estar muito bem explicados para que não haja problemas na admissão tampouco com o Ministério Público do Trabalho e/ou Ministério do Trabalho e Emprego.</p>
<p>O laudo deve ser o mais atual possível. O laudo precisa fornecer, além do código da CID, detalhes sobre as limitações funcionais da pessoa na prática, ou seja, a deficiência e sua sequela. Por exemplo: se consta do laudo encurtamento no membro inferior direito, é importante especificar quantos centímetros, se utiliza prótese ou órtese, muletas, cadeira de rodas, se apresenta “dificuldade para ambular”, “dificuldade para subir escadas”, “impossibilidade de ficarem em pé por longos períodos”, “distúrbios da marcha”, etc. Outros exemplos de preenchimento incompleto e como devem ser detalhados os laudos para melhor caracterização da deficiência:</p>
<p><strong>Amputação do Membro Inferior Esquerdo (MIE)</strong> – não fica claro se é no dedo, perna, pé. É necessário descrever a partir de onde houve amputação e, no caso de dedos, quais foram os atingidos. Além disso, descrever a sequela ocasionada: dificuldade em subir escadas, ficar muito tempo em pé, etc.</p>
<p><strong>Amputação no Membro Superior Direito (MSD)</strong> – a mesma questão: não fica claro se é apenas um dedo, a mão ou todo o braço. Especificar a altura da amputação, assim como a sequela decorrente: dificuldade para escrever, dificuldade motora, falta de força na mão, não consegue fazer o movimento de pinça ou garra, etc.</p>
<p><strong>Sequela de acidente automobilístico</strong> – é necessário descrever os membros atingidos, se foi necessário colocar prótese, detalhar se ficou com dificuldade em algum movimento, por exemplo, se não consegue elevar o braço em mais de 25º.</p>
<p><strong>Deficiência auditiva moderada</strong> – quando se trata de deficiência auditiva, sempre encaminhar uma audiometria atualizada. A audiometria deve apontar que a deficiência é bilateral, parcial ou total, e sempre abaixo de 41 decibéis, conforme determina a lei.</p>
<p><strong>Hemiparesia, sequela de AVC</strong> – caracteriza a paralisia parcial, mas não diz em qual lado ou membro. É importante também ressaltar o nível de dificuldade motora, as limitações, etc. Sequela de poliomielite – é necessário oferecer o maior número de detalhes – qual a sequela, membros atingidos e em qual proporção.</p>
<p><strong>Fratura do fêmur</strong> – necessita informar a sequela, se possui dificuldades de locomoção, se tem limitação nos movimentos e quais são.</p>
<p><strong>Malformação congênita </strong>– completar com mais informações: em qual membro, descrever a deformidade e quais as limitações ou dificuldades geradas.</p>
<p><strong>Encurtamento na perna</strong> – informar em quantos centímetros, porque é necessário ser acima de 4,0 cm para enquadrar na cota. Dizer também se precisa de adaptações, se utiliza prótese ou muletas e as dificuldades decorrentes do encurtamento.</p>

<p>Laudo Médico O MÉDICO DO TRABALHO E A CLASSIFICAÇÃO INTERNACIONAL DE DOENÇAS – CID Para que se cumpram as cotas de contratação de colaboradores com deficiência, a legislação especifica quem pode atestar e de que maneira as deficiências serão comprovadas. Compete ao Ministério do Trabalho e Emprego estabelecer a sistemática de fiscalização, a avaliação e [&hellip;]</p>
