{"id":121,"date":"2017-09-07T15:50:31","date_gmt":"2017-09-07T15:50:31","guid":{"rendered":"http:\/\/www.portaldainclusao.org.br\/cms\/?page_id=121"},"modified":"2021-05-15T15:26:09","modified_gmt":"2021-05-15T18:26:09","slug":"treinamentos-lideres-e-gestores","status":"publish","type":"page","link":"https:\/\/www.portaldainclusao.org.br\/cms\/servicos\/treinamentos-lideres-e-gestores\/","title":{"rendered":"Treinamento para PCD\u00b4s"},"content":{"rendered":"<p>Destinado \u00e0 capacita\u00e7\u00e3o das pessoas com defici\u00eancias, de forma que se possa almejar novas carreiras.<\/p>\n<p>Com a pandemia, alguns fatos que estavam para ocorrer no decorrer dos pr\u00f3ximos anos foram impulsionados, sendo que estamos vivendo um momento de transi\u00e7\u00e3o de atividades mais operacionais para atividades intelectuais, com a migra\u00e7\u00e3o do trabalho presencial para o trabalho remoto, aquele que podemos realizar estando em nossas casas (Home Office).\u00a0<\/p>\n<p>Para obter acesso \u00e0s vagas de trabalho em &#8220;home office&#8221; o profissional precisa ter:<\/p>\n<ul>\n<li>Um microcomputador de trabalho atualizado;<\/li>\n<li>Acesso internet de qualidade;<\/li>\n<li>Capacita\u00e7\u00e3o em uso das plataformas de integra\u00e7\u00e3o do trabalho &#8211; CRM;<\/li>\n<\/ul>\n<p>As plataformas CRM (relacionamento com clientes) representam ferramentas de trabalho que permitem o trabalho &#8220;home office&#8221;. Atualmente a Lider Mundial nessa tecnologia \u00e9 a Empresa Salesforce.<\/p>\n<p>\u00c9 com grande satisfa\u00e7\u00e3o que apresentamos os treinamentos gratuitos Salesforce.<\/p>\n<p>Com a Salesforce voc\u00ea poder\u00e1 escolher a carreria que mais te agrada, seja uma atividade mais operacional, como telemarketing, por exemplo, seja uma carreira administrativa, gerenciando os operadores da pataforma ou ainda uma carreira t\u00e9cnica, parametrizando e programando o sistema Salesforce.<\/p>\n<p>Que tal, vamos nessa?<\/p>\n<p>Conhe\u00e7a a Salesforce e aprenda a utilizar a ferramenta principiando atrav\u00e9s dessa trilha criada especialmente para voce:<\/p>\n<p><strong>IMPORTANTE:<\/strong> quando for assistir algum v\u00eddeo que esteja em ingl\u00eas, utilize o controle do rodap\u00e9 do video para ativar a legenda em portugu\u00eas.<\/p>\n\n\n<figure class=\"wp-block-image size-large\"><a href=\"https:\/\/trailhead.salesforce.com\/pt-BR\/users\/institutonatus\/trailmixes\/portal-da-inclusao\" target=\"_blank\" rel=\"noopener\"><img loading=\"lazy\" decoding=\"async\" width=\"753\" height=\"546\" src=\"https:\/\/www.portaldainclusao.org.br\/cms\/wp-content\/uploads\/2021\/05\/salesforce_pi1.jpg\" alt=\"\" class=\"wp-image-17252\" srcset=\"https:\/\/www.portaldainclusao.org.br\/cms\/wp-content\/uploads\/2021\/05\/salesforce_pi1.jpg 753w, https:\/\/www.portaldainclusao.org.br\/cms\/wp-content\/uploads\/2021\/05\/salesforce_pi1-300x218.jpg 300w\" sizes=\"(max-width: 753px) 100vw, 753px\" \/><\/a><\/figure>\n\n\n\n<figure class=\"wp-block-image size-large is-resized\"><a href=\"https:\/\/trailhead.salesforce.com\/pt-BR\/users\/institutonatus\/trailmixes\/portal-da-inclusao\" target=\"_blank\" rel=\"noopener\"><img loading=\"lazy\" decoding=\"async\" src=\"https:\/\/www.portaldainclusao.org.br\/cms\/wp-content\/uploads\/2021\/05\/salesforce_pi2.jpg\" alt=\"\" class=\"wp-image-17254\" width=\"755\" height=\"496\" srcset=\"https:\/\/www.portaldainclusao.org.br\/cms\/wp-content\/uploads\/2021\/05\/salesforce_pi2.jpg 744w, https:\/\/www.portaldainclusao.org.br\/cms\/wp-content\/uploads\/2021\/05\/salesforce_pi2-300x197.jpg 300w\" sizes=\"(max-width: 755px) 100vw, 755px\" \/><\/a><\/figure>\n\n\n\n<figure class=\"wp-block-image size-large is-resized\"><a href=\"https:\/\/trailhead.salesforce.com\/pt-BR\/users\/institutonatus\/trailmixes\/portal-da-inclusao\" target=\"_blank\" rel=\"noopener\"><img loading=\"lazy\" decoding=\"async\" src=\"https:\/\/www.portaldainclusao.org.br\/cms\/wp-content\/uploads\/2021\/05\/salesforce_pi3.jpg\" alt=\"\" class=\"wp-image-17256\" width=\"760\" height=\"500\" srcset=\"https:\/\/www.portaldainclusao.org.br\/cms\/wp-content\/uploads\/2021\/05\/salesforce_pi3.jpg 742w, https:\/\/www.portaldainclusao.org.br\/cms\/wp-content\/uploads\/2021\/05\/salesforce_pi3-300x198.jpg 300w\" sizes=\"(max-width: 760px) 100vw, 760px\" \/><\/a><\/figure>\n\n\n\n<figure class=\"wp-block-image size-large is-resized\"><img loading=\"lazy\" decoding=\"async\" src=\"https:\/\/www.portaldainclusao.org.br\/cms\/wp-content\/uploads\/2021\/05\/salesforce_pi4.jpg\" alt=\"\" class=\"wp-image-17258\" width=\"764\" height=\"246\" srcset=\"https:\/\/www.portaldainclusao.org.br\/cms\/wp-content\/uploads\/2021\/05\/salesforce_pi4.jpg 734w, https:\/\/www.portaldainclusao.org.br\/cms\/wp-content\/uploads\/2021\/05\/salesforce_pi4-300x97.jpg 300w\" sizes=\"(max-width: 764px) 100vw, 764px\" \/><\/figure>\n","protected":false},"excerpt":{"rendered":"<p>Destinado \u00e0 capacita\u00e7\u00e3o das pessoas com defici\u00eancias, de forma que se possa almejar novas carreiras. Com a pandemia, alguns fatos que estavam para ocorrer no decorrer dos pr\u00f3ximos anos foram impulsionados, sendo que estamos vivendo um momento de transi\u00e7\u00e3o de atividades mais operacionais para atividades intelectuais, com a migra\u00e7\u00e3o do trabalho presencial para o trabalho [&hellip;]<\/p>\n","protected":false},"author":1,"featured_media":0,"parent":112,"menu_order":0,"comment_status":"closed","ping_status":"closed","template":"","meta":{"_et_pb_use_builder":"","_et_pb_old_content":"","_et_gb_content_width":"","footnotes":""},"class_list":["post-121","page","type-page","status-publish","hentry"],"_links":{"self":[{"href":"https:\/\/www.portaldainclusao.org.br\/cms\/wp-json\/wp\/v2\/pages\/121","targetHints":{"allow":["GET"]}}],"collection":[{"href":"https:\/\/www.portaldainclusao.org.br\/cms\/wp-json\/wp\/v2\/pages"}],"about":[{"href":"https:\/\/www.portaldainclusao.org.br\/cms\/wp-json\/wp\/v2\/types\/page"}],"author":[{"embeddable":true,"href":"https:\/\/www.portaldainclusao.org.br\/cms\/wp-json\/wp\/v2\/users\/1"}],"replies":[{"embeddable":true,"href":"https:\/\/www.portaldainclusao.org.br\/cms\/wp-json\/wp\/v2\/comments?post=121"}],"version-history":[{"count":0,"href":"https:\/\/www.portaldainclusao.org.br\/cms\/wp-json\/wp\/v2\/pages\/121\/revisions"}],"up":[{"embeddable":true,"href":"https:\/\/www.portaldainclusao.org.br\/cms\/wp-json\/wp\/v2\/pages\/112"}],"wp:attachment":[{"href":"https:\/\/www.portaldainclusao.org.br\/cms\/wp-json\/wp\/v2\/media?parent=121"}],"curies":[{"name":"wp","href":"https:\/\/api.w.org\/{rel}","templated":true}]}}

<p>Destinado à capacitação das pessoas com deficiências, de forma que se possa almejar novas carreiras.</p>
<p>Com a pandemia, alguns fatos que estavam para ocorrer no decorrer dos próximos anos foram impulsionados, sendo que estamos vivendo um momento de transição de atividades mais operacionais para atividades intelectuais, com a migração do trabalho presencial para o trabalho remoto, aquele que podemos realizar estando em nossas casas (Home Office). </p>
<p>Para obter acesso às vagas de trabalho em &#8220;home office&#8221; o profissional precisa ter:</p>
<ul>
<li>Um microcomputador de trabalho atualizado;</li>
<li>Acesso internet de qualidade;</li>
<li>Capacitação em uso das plataformas de integração do trabalho &#8211; CRM;</li>
</ul>
<p>As plataformas CRM (relacionamento com clientes) representam ferramentas de trabalho que permitem o trabalho &#8220;home office&#8221;. Atualmente a Lider Mundial nessa tecnologia é a Empresa Salesforce.</p>
<p>É com grande satisfação que apresentamos os treinamentos gratuitos Salesforce.</p>
<p>Com a Salesforce você poderá escolher a carreria que mais te agrada, seja uma atividade mais operacional, como telemarketing, por exemplo, seja uma carreira administrativa, gerenciando os operadores da pataforma ou ainda uma carreira técnica, parametrizando e programando o sistema Salesforce.</p>
<p>Que tal, vamos nessa?</p>
<p>Conheça a Salesforce e aprenda a utilizar a ferramenta principiando através dessa trilha criada especialmente para voce:</p>
<p><strong>IMPORTANTE:</strong> quando for assistir algum vídeo que esteja em inglês, utilize o controle do rodapé do video para ativar a legenda em português.</p>


<figure class="wp-block-image size-large"><a href="https://trailhead.salesforce.com/pt-BR/users/institutonatus/trailmixes/portal-da-inclusao" target="_blank" rel="noopener"><img loading="lazy" decoding="async" width="753" height="546" src="https://www.portaldainclusao.org.br/cms/wp-content/uploads/2021/05/salesforce_pi1.jpg" alt="" class="wp-image-17252" srcset="https://www.portaldainclusao.org.br/cms/wp-content/uploads/2021/05/salesforce_pi1.jpg 753w, https://www.portaldainclusao.org.br/cms/wp-content/uploads/2021/05/salesforce_pi1-300x218.jpg 300w" sizes="(max-width: 753px) 100vw, 753px" /></a></figure>



<figure class="wp-block-image size-large is-resized"><a href="https://trailhead.salesforce.com/pt-BR/users/institutonatus/trailmixes/portal-da-inclusao" target="_blank" rel="noopener"><img loading="lazy" decoding="async" src="https://www.portaldainclusao.org.br/cms/wp-content/uploads/2021/05/salesforce_pi2.jpg" alt="" class="wp-image-17254" width="755" height="496" srcset="https://www.portaldainclusao.org.br/cms/wp-content/uploads/2021/05/salesforce_pi2.jpg 744w, https://www.portaldainclusao.org.br/cms/wp-content/uploads/2021/05/salesforce_pi2-300x197.jpg 300w" sizes="(max-width: 755px) 100vw, 755px" /></a></figure>



<figure class="wp-block-image size-large is-resized"><a href="https://trailhead.salesforce.com/pt-BR/users/institutonatus/trailmixes/portal-da-inclusao" target="_blank" rel="noopener"><img loading="lazy" decoding="async" src="https://www.portaldainclusao.org.br/cms/wp-content/uploads/2021/05/salesforce_pi3.jpg" alt="" class="wp-image-17256" width="760" height="500" srcset="https://www.portaldainclusao.org.br/cms/wp-content/uploads/2021/05/salesforce_pi3.jpg 742w, https://www.portaldainclusao.org.br/cms/wp-content/uploads/2021/05/salesforce_pi3-300x198.jpg 300w" sizes="(max-width: 760px) 100vw, 760px" /></a></figure>



<figure class="wp-block-image size-large is-resized"><img loading="lazy" decoding="async" src="https://www.portaldainclusao.org.br/cms/wp-content/uploads/2021/05/salesforce_pi4.jpg" alt="" class="wp-image-17258" width="764" height="246" srcset="https://www.portaldainclusao.org.br/cms/wp-content/uploads/2021/05/salesforce_pi4.jpg 734w, https://www.portaldainclusao.org.br/cms/wp-content/uploads/2021/05/salesforce_pi4-300x97.jpg 300w" sizes="(max-width: 764px) 100vw, 764px" /></figure>

<p>Destinado à capacitação das pessoas com deficiências, de forma que se possa almejar novas carreiras. Com a pandemia, alguns fatos que estavam para ocorrer no decorrer dos próximos anos foram impulsionados, sendo que estamos vivendo um momento de transição de atividades mais operacionais para atividades intelectuais, com a migração do trabalho presencial para o trabalho [&hellip;]</p>
